{"id":341,"date":"2012-10-13T10:25:04","date_gmt":"2012-10-13T08:25:04","guid":{"rendered":"http:\/\/historischer-verein-speyer.de\/html\/?page_id=341"},"modified":"2022-07-24T10:21:47","modified_gmt":"2022-07-24T08:21:47","slug":"oral-history","status":"publish","type":"page","link":"http:\/\/historischer-verein-speyer.de\/?page_id=341","title":{"rendered":"Zeitzeugen"},"content":{"rendered":"<p><strong>Oral History<\/strong> ist eine Methode der Geschichtswissenschaft, die auf dem Sprechenlassen von Zeitzeugen basiert. Wir wollen hier in unregelm\u00e4\u00dfigen Abst\u00e4nden Speyerer B\u00fcrger ihre Geschichte erz\u00e4hlen lassen, um so die Erinnerungen der Erlebnisse f\u00fcr alle zug\u00e4nglich zu machen und zu archivieren.<\/p>\n<p>Kennen Sie jemanden, der keine Scheu vor einer Kamera hat und aus seinem Leben in Speyer berichten m\u00f6chte, dann wenden Sie sich bitte an kontakt@historischer-verein-speyer.de<\/p>\n<p><strong>Beitr\u00e4ge:<\/strong><\/p>\n<p><a href=\"http:\/\/historischer-verein-speyer.de\/?p=3170\">Hans Kessler<\/a><\/p>\n<p><a href=\"http:\/\/historischer-verein-speyer.de\/?p=3165\">Eugen Flicker<\/a><\/p>\n<p><a href=\"http:\/\/historischer-verein-speyer.de\/?p=3123\">Karl-Heinz W\u00e4ssa<\/a><\/p>\n<p><a href=\"http:\/\/historischer-verein-speyer.de\/?p=3111\">Herman Schmid<\/a><\/p>\n<p><a href=\"http:\/\/historischer-verein-speyer.de\/?p=3098\">Freya Joss\u00e9<\/a><\/p>\n<p><a href=\"http:\/\/historischer-verein-speyer.de\/?p=3089\">Elfriede Bogumil<\/a><\/p>\n<p><a href=\"http:\/\/historischer-verein-speyer.de\/?p=3067\">Martha Brunner<\/a><\/p>\n<p><a href=\"http:\/\/historischer-verein-speyer.de\/?p=3063\">Axel Elfert<\/a><\/p>\n<p><a href=\"http:\/\/historischer-verein-speyer.de\/?p=2994\">Peter Schmidt<\/a><\/p>\n<p><a href=\"http:\/\/historischer-verein-speyer.de\/?p=2981\">Peter Klimm<\/a><\/p>\n<p><a href=\"http:\/\/historischer-verein-speyer.de\/?p=2972\">Norbert M\u00fcller<\/a><\/p>\n<p><a href=\"http:\/\/historischer-verein-speyer.de\/?p=2198\">Gerdrut Stoertz<\/a><\/p>\n<p><a title=\"Oral History: Rosemarie Joeckle\" href=\"http:\/\/historischer-verein-speyer.de\/?p=1928\" target=\"_blank\" rel=\"noopener noreferrer\">Rosemarie Joeckle<\/a><\/p>\n<p><a title=\"Oral History: Walter Lind\" href=\"http:\/\/historischer-verein-speyer.de\/?p=1910\" target=\"_blank\" rel=\"noopener noreferrer\">Walter Lind<\/a><\/p>\n<p><a title=\"Oral History: Elisabeth St\u00fctzel\" href=\"http:\/\/historischer-verein-speyer.de\/?p=1850\" target=\"_blank\" rel=\"noopener noreferrer\">Elisabeth St\u00fctzel<\/a><\/p>\n<p><a title=\"Oral History: B\u00e4rbel Sch\u00e4fer\" href=\"http:\/\/historischer-verein-speyer.de\/?p=1815\" target=\"_blank\" rel=\"noopener noreferrer\">B\u00e4rbel Sch\u00e4fer<\/a><\/p>\n<p><a title=\"Oral History: Margot Kripp\" href=\"http:\/\/historischer-verein-speyer.de\/?p=1783\" target=\"_blank\" rel=\"noopener noreferrer\">Margot Kripp<\/a><\/p>\n<p><a title=\"Oral History: Hermann Schr\u00f6ck\" href=\"http:\/\/historischer-verein-speyer.de\/?p=1585\">Hermann Schr\u00f6ck<\/a><\/p>\n<p><a title=\"Oral History: Baldur Joss\u00e9\" href=\"http:\/\/historischer-verein-speyer.de\/?p=1513\">Baldur Joss\u00e9<\/a><\/p>\n<p><a title=\"Oral History: Eleonore Winkler\" href=\"http:\/\/historischer-verein-speyer.de\/?p=1367\">Eleonore Winkler<\/a><\/p>\n<p><a title=\"Oral History: Inge Beutelspacher\" href=\"http:\/\/historischer-verein-speyer.de\/?p=1219\">Inge Beutelspacher<\/a><\/p>\n<p><a title=\"Oral History: Jakob Sch\u00e4fer (3)\" href=\"http:\/\/historischer-verein-speyer.de\/?p=934\">Jakob Sch\u00e4fer (3)<\/a><\/p>\n<p><a title=\"Oral History: Jakob Sch\u00e4fer (2)\" href=\"http:\/\/historischer-verein-speyer.de\/html\/?p=710\">Jakob Sch\u00e4fer (2)<\/a><\/p>\n<p><a title=\"Oral History: Jakob Sch\u00e4fer (1)\" href=\"http:\/\/historischer-verein-speyer.de\/html\/?p=672\">Jakob Sch\u00e4fer (1)<\/a><\/p>\n<p><a title=\"Oral History: Irma Gro\u00df (2)\" href=\"http:\/\/historischer-verein-speyer.de\/html\/?p=555\">Irma Gro\u00df (2)<\/a><\/p>\n<p><a title=\"Oral History: Karl Weiler\" href=\"http:\/\/historischer-verein-speyer.de\/html\/?p=545\">Karl Weiler<\/a><\/p>\n<p><a title=\"Oral History: Irma Gro\u00df (1)\" href=\"http:\/\/historischer-verein-speyer.de\/html\/?p=523\">Irma Gro\u00df (1)<\/a><\/p>\n<p><a title=\"Oral History: Hans Gruber\" href=\"http:\/\/historischer-verein-speyer.de\/html\/?p=483\">Hans Gruber<\/a><\/p>\n<p><a title=\"Oral History: August Gruber\" href=\"http:\/\/historischer-verein-speyer.de\/html\/?p=452\">August Gruber<\/a><\/p>\n<p><a title=\"Oral History: Richard Martin\" href=\"http:\/\/historischer-verein-speyer.de\/html\/?p=345\">Richard Martin<\/a><\/p>\n","protected":false},"excerpt":{"rendered":"<p>Oral History ist eine Methode der Geschichtswissenschaft, die auf dem Sprechenlassen von Zeitzeugen basiert. Wir wollen hier in unregelm\u00e4\u00dfigen Abst\u00e4nden Speyerer B\u00fcrger ihre Geschichte erz\u00e4hlen lassen, um so die Erinnerungen der Erlebnisse f\u00fcr alle zug\u00e4nglich zu machen und zu archivieren. Kennen Sie jemanden, der keine Scheu vor einer Kamera hat und aus seinem Leben in [&hellip;]<\/p>\n","protected":false},"author":2,"featured_media":0,"parent":0,"menu_order":6,"comment_status":"closed","ping_status":"open","template":"","meta":{"footnotes":""},"class_list":["post-341","page","type-page","status-publish","hentry"],"_links":{"self":[{"href":"http:\/\/historischer-verein-speyer.de\/index.php?rest_route=\/wp\/v2\/pages\/341","targetHints":{"allow":["GET"]}}],"collection":[{"href":"http:\/\/historischer-verein-speyer.de\/index.php?rest_route=\/wp\/v2\/pages"}],"about":[{"href":"http:\/\/historischer-verein-speyer.de\/index.php?rest_route=\/wp\/v2\/types\/page"}],"author":[{"embeddable":true,"href":"http:\/\/historischer-verein-speyer.de\/index.php?rest_route=\/wp\/v2\/users\/2"}],"replies":[{"embeddable":true,"href":"http:\/\/historischer-verein-speyer.de\/index.php?rest_route=%2Fwp%2Fv2%2Fcomments&post=341"}],"version-history":[{"count":42,"href":"http:\/\/historischer-verein-speyer.de\/index.php?rest_route=\/wp\/v2\/pages\/341\/revisions"}],"predecessor-version":[{"id":3172,"href":"http:\/\/historischer-verein-speyer.de\/index.php?rest_route=\/wp\/v2\/pages\/341\/revisions\/3172"}],"wp:attachment":[{"href":"http:\/\/historischer-verein-speyer.de\/index.php?rest_route=%2Fwp%2Fv2%2Fmedia&parent=341"}],"curies":[{"name":"wp","href":"https:\/\/api.w.org\/{rel}","templated":true}]}}

<p><strong>Oral History</strong> ist eine Methode der Geschichtswissenschaft, die auf dem Sprechenlassen von Zeitzeugen basiert. Wir wollen hier in unregelmäßigen Abständen Speyerer Bürger ihre Geschichte erzählen lassen, um so die Erinnerungen der Erlebnisse für alle zugänglich zu machen und zu archivieren.</p>
<p>Kennen Sie jemanden, der keine Scheu vor einer Kamera hat und aus seinem Leben in Speyer berichten möchte, dann wenden Sie sich bitte an kontakt@historischer-verein-speyer.de</p>
<p><strong>Beiträge:</strong></p>
<p><a href="http://historischer-verein-speyer.de/?p=3170">Hans Kessler</a></p>
<p><a href="http://historischer-verein-speyer.de/?p=3165">Eugen Flicker</a></p>
<p><a href="http://historischer-verein-speyer.de/?p=3123">Karl-Heinz Wässa</a></p>
<p><a href="http://historischer-verein-speyer.de/?p=3111">Herman Schmid</a></p>
<p><a href="http://historischer-verein-speyer.de/?p=3098">Freya Jossé</a></p>
<p><a href="http://historischer-verein-speyer.de/?p=3089">Elfriede Bogumil</a></p>
<p><a href="http://historischer-verein-speyer.de/?p=3067">Martha Brunner</a></p>
<p><a href="http://historischer-verein-speyer.de/?p=3063">Axel Elfert</a></p>
<p><a href="http://historischer-verein-speyer.de/?p=2994">Peter Schmidt</a></p>
<p><a href="http://historischer-verein-speyer.de/?p=2981">Peter Klimm</a></p>
<p><a href="http://historischer-verein-speyer.de/?p=2972">Norbert Müller</a></p>
<p><a href="http://historischer-verein-speyer.de/?p=2198">Gerdrut Stoertz</a></p>
<p><a title="Oral History: Rosemarie Joeckle" href="http://historischer-verein-speyer.de/?p=1928" target="_blank" rel="noopener noreferrer">Rosemarie Joeckle</a></p>
<p><a title="Oral History: Walter Lind" href="http://historischer-verein-speyer.de/?p=1910" target="_blank" rel="noopener noreferrer">Walter Lind</a></p>
<p><a title="Oral History: Elisabeth Stützel" href="http://historischer-verein-speyer.de/?p=1850" target="_blank" rel="noopener noreferrer">Elisabeth Stützel</a></p>
<p><a title="Oral History: Bärbel Schäfer" href="http://historischer-verein-speyer.de/?p=1815" target="_blank" rel="noopener noreferrer">Bärbel Schäfer</a></p>
<p><a title="Oral History: Margot Kripp" href="http://historischer-verein-speyer.de/?p=1783" target="_blank" rel="noopener noreferrer">Margot Kripp</a></p>
<p><a title="Oral History: Hermann Schröck" href="http://historischer-verein-speyer.de/?p=1585">Hermann Schröck</a></p>
<p><a title="Oral History: Baldur Jossé" href="http://historischer-verein-speyer.de/?p=1513">Baldur Jossé</a></p>
<p><a title="Oral History: Eleonore Winkler" href="http://historischer-verein-speyer.de/?p=1367">Eleonore Winkler</a></p>
<p><a title="Oral History: Inge Beutelspacher" href="http://historischer-verein-speyer.de/?p=1219">Inge Beutelspacher</a></p>
<p><a title="Oral History: Jakob Schäfer (3)" href="http://historischer-verein-speyer.de/?p=934">Jakob Schäfer (3)</a></p>
<p><a title="Oral History: Jakob Schäfer (2)" href="http://historischer-verein-speyer.de/html/?p=710">Jakob Schäfer (2)</a></p>
<p><a title="Oral History: Jakob Schäfer (1)" href="http://historischer-verein-speyer.de/html/?p=672">Jakob Schäfer (1)</a></p>
<p><a title="Oral History: Irma Groß (2)" href="http://historischer-verein-speyer.de/html/?p=555">Irma Groß (2)</a></p>
<p><a title="Oral History: Karl Weiler" href="http://historischer-verein-speyer.de/html/?p=545">Karl Weiler</a></p>
<p><a title="Oral History: Irma Groß (1)" href="http://historischer-verein-speyer.de/html/?p=523">Irma Groß (1)</a></p>
<p><a title="Oral History: Hans Gruber" href="http://historischer-verein-speyer.de/html/?p=483">Hans Gruber</a></p>
<p><a title="Oral History: August Gruber" href="http://historischer-verein-speyer.de/html/?p=452">August Gruber</a></p>
<p><a title="Oral History: Richard Martin" href="http://historischer-verein-speyer.de/html/?p=345">Richard Martin</a></p>

<p>Oral History ist eine Methode der Geschichtswissenschaft, die auf dem Sprechenlassen von Zeitzeugen basiert. Wir wollen hier in unregelmäßigen Abständen Speyerer Bürger ihre Geschichte erzählen lassen, um so die Erinnerungen der Erlebnisse für alle zugänglich zu machen und zu archivieren. Kennen Sie jemanden, der keine Scheu vor einer Kamera hat und aus seinem Leben in [&hellip;]</p>
